*i + a = y, i + 0*y - 7 = -y. What is the units digit of i?
2
What is the tens digit of 2/8 - 534/(-8)?
6
Let f = 11 - 6. What is the units digit of (-4)/6 - f/(-3)?
1
Suppose -23 - 2 = -5*z - s, 25 = 5*s. Suppose 0*l = z*l - 40. What is the units digit of l?
0
Let p(b) = -b**3 + 7*b**2 - 6*b + 1. Let z be p(6). Let t = z - 6. Let a = t - -7. What is the units digit of a?
2
Let o(j) = -3*j**3 + 6*j**2 - 6*j + 1. Let y(a) = -a**3 - a + 1. Let i(n) = o(n) - 2*y(n). What is the units digit of i(5)?
4
Let m be 2 - (24 + -1 + -1). Let x = m + 28. Let y = x + -4. What is the units digit of y?
4
Suppose 0 = m + 3 - 0. Let q = m - -5. What is the units digit of q?
2
Let j = 11 - 6. Suppose -3 = 4*q - j*q. Let d = 12 - q. What is the units digit of d?
9
Let c(v) = v**3 - 5*v**2 + 3*v + 5. Let g be c(5). Let f = -12 + g. Let m = 16 - f. What is the units digit of m?
8
What is the units digit of (-2)/(2 + 36/(-15)) + 2?
7
Suppose 5*w + 24 = 3*w. Let k(d) = -d**2 - 12*d - 1. Let r be k(w). What is the tens digit of ((-15)/(-2))/(r/(-2))?
1
Let a(x) = x + 1. Let c be a(3). Let n = 14 - c. What is the tens digit of n?
1
Let f be 2/(-3) + (-56)/(-21). Let g = f + 21. What is the tens digit of g?
2
Let q(k) = 7*k**2 - 1. Suppose 13*u = 17*u + 4. What is the units digit of q(u)?
6
Let r(t) = -t**2 + 6*t. Let y be r(4). Let g(d) = 3 + 0 + 2 - d + 2*d. What is the units digit of g(y)?
3
Suppose -5*m = -3*s - 0 - 14, m - 12 = -4*s. Suppose z + 5 = m, 4*u + 4*z - 36 = 0. What is the units digit of u?
0
Suppose -4*m + 0*w - 4 = w, -3*m = -3*w + 18. What is the units digit of (m*(-3 + -2))/2?
5
Suppose -6 = 3*y - 12. What is the units digit of y?
2
Let v = -42 + 66. Suppose 25*h - 24*h = v. What is the units digit of h?
4
Let l(w) = 2*w**3 - 12*w**2 - 6*w + 8. What is the units digit of l(7)?
4
Let z(n) = n**3 + 3*n**2 - 4*n + 5. Let g be (5 - 3) + (-1 - 5). What is the units digit of z(g)?
5
Suppose j + 7 = -9. Suppose 3 = -4*q + 5*o + 5, -2 = -2*q + 2*o. What is the tens digit of 5/((-15)/j)*q?
1
Suppose 27 = -4*n - s, 3*s + 10 = -n - 5. Let b(g) = -3*g - 2. What is the units digit of b(n)?
6
Suppose 2 = -2*t + 12. What is the tens digit of 131/t + 2/(-10)?
2
Let y = 0 - -4. Let d be 4/(-8) + 10/y. Suppose 4*t - 3*t - d*k - 15 = 0, -25 = -2*t + 3*k. What is the units digit of t?
5
Let z(i) = i**2 + 8*i + 2. Let m be z(-8). Let t(p) = -3 - 7*p + 4*p**2 - 3*p**m - 2*p**2. What is the units digit of t(-4)?
9
Let s(v) = 3*v**2 - 10*v + 6. Let k be s(6). Suppose -5*u + 7*u = k. What is the units digit of u?
7
Let w(n) = n**3 - 3*n**2 - 4*n + 1. Let b be w(4). Suppose b = -3*c + 4*c. Let l = 15 + c. What is the tens digit of l?
1
Suppose 0*n = 4*n - 368. Suppose 0 = 5*h + 2 - n. What is the units digit of h?
8
Let b(n) = n**3 - 4*n**2 + 2*n - 6. Let d be b(4). Suppose d*y - 22 = 12. What is the tens digit of y?
1
Suppose 48 = -3*z + 9. Let l = -5 - z. What is the units digit of l?
8
Let z = 43 - 11. What is the units digit of z?
2
Suppose m - 40 = 2*l, 2*m + l + 105 = 5*m. What is the units digit of m?
4
Suppose -40 = 2*z + 2*o + 2*o, 4*z - 4*o + 44 = 0. Let q be z*((-10)/4 - -1). Suppose 4*l - q = l. What is the units digit of l?
7
Let s(t) = 4*t**3 - t**2. Let m be s(1). Suppose 2*g = m + 9. What is the units digit of g?
6
Let l = -5 + 5. Suppose 0 = 2*m + 3*f - l*f - 44, -3*m - 3*f = -63. What is the units digit of m?
9
Suppose -17*w + 23*w = 552. What is the tens digit of w?
9
What is the hundreds digit of (-1)/(-2) + (-4024)/(-16)?
2
Let c = 253 + -113. What is the tens digit of c?
4
Let s be (-5 + 8)*(-20)/6. Let a(c) = c**2 + 8*c + 8. What is the units digit of a(s)?
8
Suppose 0 = -j + 63 - 0. Suppose -4*p + j = l, -3*p - 2*l + 21 = -2*p. What is the units digit of p?
5
Suppose -f = 2*f - 6. Suppose f*r - 15 = -r. Let s(w) = -w + 11. What is the units digit of s(r)?
6
Let r = 3 + 2. Let n be 91/2 + 1/(-2). Suppose -3*w + 59 = r*o, 4*o + 5*w - n = o. What is the tens digit of o?
1
Let x be 14/(-6) + (-8)/12. What is the units digit of (14/4)/(x/(-6))?
7
Suppose 0 = 6*n - 2*n. Let y be 9/(-3) - (-4 - 3). Let g = y + n. What is the units digit of g?
4
Let u be (9/3 - 3)/1. Let b = u + 10. What is the units digit of b?
0
Let t(y) = -y**2 + 11*y. What is the units digit of t(5)?
0
Suppose -6*u + 4*u = 2*x - 134, -4*u = 5*x - 272. What is the units digit of u?
3
Suppose 2*n + 6 = -n. Let t be 0/(-1)*(-3 - n). Let m = 2 - t. What is the units digit of m?
2
Let i(p) = -9*p - p**3 + 0*p**3 + 4 + 2*p**3 + 8*p**2. Let r(m) = -m + 8. Let h be r(17). What is the units digit of i(h)?
4
Let f(q) = q**2 - 14. Let j be f(0). What is the units digit of -1 + 8*j/(-4)?
7
Suppose -4*d + z = 5, -3*d + 0*d - z + 5 = 0. Let l be (-5)/5 - 0 - -5. Suppose p - l = -d*p. What is the units digit of p?
4
What is the units digit of (9 + -10)/(1/1) - -27?
6
Suppose -4*s = -s - 105. What is the units digit of s?
5
Let d = 5 - 12. Let l(q) = -q - 5. What is the units digit of l(d)?
2
Let a(f) = -24*f - 4. Let k(r) = 8*r + 1. Suppose -4*h + 8 = -24. Let q(d) = h*k(d) + 3*a(d). What is the tens digit of q(-3)?
2
Suppose -1 = -t + 25. Let g = t - 15. What is the tens digit of g?
1
Suppose s + 2 = 9. What is the units digit of s?
7
Let m(o) = 66*o + 66. Let p(x) = 5*x + 5. Let w be 2*(0 + 3/3). Let z(a) = w*m(a) - 27*p(a). What is the tens digit of z(-5)?
1
Let g = 232 - 57. What is the units digit of g?
5
Let i be 2 + 0 - 4/2. Suppose i = -a + 2. Suppose -4*w - 5*t - 1 = -9, -3*w + a*t + 29 = 0. What is the units digit of w?
7
Let g be (0 + 27)*(-8)/12. Let z = g + 33. What is the tens digit of z?
1
Suppose 5*c - 1 = -a + 2, 4*a = 5*c + 12. Let f be 3/1*(-290)/(-30). Suppose c*b = -2*m - 4*b + 30, -2*b + f = 3*m. What is the units digit of m?
7
Suppose 0 = -5*j + 5, -4*r + 4 = -4*j - 4. Suppose -r*k + 4 = -65. What is the tens digit of k?
2
Let h(z) = -5*z**3 + z**2 - 2*z + 1. Let o be h(1). Suppose -4*l + 8 = -20. Let p = l + o. What is the units digit of p?
2
Suppose 2*c - 4 - 4 = 0. What is the units digit of 7*(c + 6/3)?
2
Suppose -j = 3*j - 8. Let b be ((-1 - -5) + j)*-1. Let d = b - -25. What is the tens digit of d?
1
Let g(b) = -b**3 + 7*b**2 + b - 1. Let p be g(7). Suppose 0 = p*q - 218 + 14. What is the tens digit of q?
3
Let s = 187 - 126. What is the units digit of s?
1
What is the units digit of 94 - 2 - (-1)/1 - 3?
0
Let y(k) = k**3 - 15*k**2 - 15*k - 1. What is the units digit of y(16)?
5
Suppose n = 2*i + 13, -i - 9 = -4*n + 8. Suppose n*j - j = k + 27, -k = 5. What is the units digit of j?
1
Suppose 2*t - 10 - 18 = 0. What is the tens digit of t?
1
Let d(k) = k**3 - 4*k**2 + k + 13. What is the tens digit of d(6)?
9
Let o = 52 - 33. What is the tens digit of o?
1
Let m be (-15)/((-15)/(-6) + -4). Suppose 16 = y - m. What is the units digit of y?
6
Suppose 0 = -2*p - 4*y + 300, 5*p + 435 = -3*y + 1199. What is the units digit of p?
4
Let o = -11 - -13. Suppose -3*z + 60 = -3*s, 34 = 3*z + 4*s + o. What is the tens digit of z?
1
Let t = -4 + 9. Let d be (-26)/(-10) - (-4)/10. Let o = t + d. What is the units digit of o?
8
Let l = 33 + -11. What is the units digit of l?
2
Let i = 41 + 22. What is the units digit of i?
3
Suppose f + 3*t = -2 + 5, 0 = 5*f - 5*t - 15. Suppose 0 = -4*u + f - 7. What is the units digit of 5 - ((-1 - u) + -1)?
6
Suppose 4*s - 138 = -3*k, 4*s + k - 4*k = 150. Let m be ((-3)/(-2))/(2/4). Suppose -s = -q - m*q. What is the units digit of q?
9
Let y be 0/(-2) - (1 - 3). Let n = 6 - 3. Let j = n - y. What is the units digit of j?
1
Let a be 243/18*8/(-6). Let t = 7 - a. What is the units digit of t?
5
Suppose -3*t + 11 - 31 = 2*v, -t = 2*v + 8. What is the units digit of (-2)/t - 28/(-6)?
5
Suppose 4*x - 78 = -2*o, x + o - 17 - 1 = 0. What is the tens digit of x?
2
Let t be (1 + 0)/((-4)/(-12)). Suppose -h = -t*h + 8. What is the units digit of h?
4
Suppose -2*l + 12 = -8. Let y(t) = -9 - t + l*t**2 + 1 + 7. What is the tens digit of y(-1)?
1
Suppose n - 4 = -n. Let h be n/10 + 18/10. Suppose -3*w + 21 = 2*m, -3*m - h*m + 44 = -w. What is the units digit of m?
9
Suppose -8*q + 24 = -3*a - 3*q, 5*q = 4*a + 27. Let f = a - -20. What is the units digit of f?
7
Let p be 1 - (-2)/(6/(-3)). Suppose -i - 5*g - 21 = -p*g, -45 = -5*i + 5*g. What is the units digit of 